1. Suppose 0 = 5*i - 25, 5*y + 2*i + c + 16 = 0. Let z be 10/15*(2 - (y - -1)). What is the greatest common divisor of z and 72?
8
Let g(d) = -209*d**2 + 8*d - 9. Let f be g(1). Let v be 1384/12*f/(-14). What is the highest common divisor of v and 10?
10
Suppose -5*g - 10261 = -36*g. Let n = -311 + g. What is the greatest common divisor of 4 and n?
4
Let v = 1316 - 1236. Calculate the greatest common factor of v and 110.
10
Let p = -543 + 550. Let t(i) = -59*i + 418. Let c be t(p). What is the highest common divisor of 185 and c?
5
Let a be ((20/(-12))/5)/((105/(-4185))/7). What is the highest common factor of 6696 and a?
93
Suppose -161*r - 155*r = -1256416. What is the greatest common factor of r and 56?
56
Let p(z) = 9*z**2 + 5*z - 15. Let m be p(6). Suppose 0 = 28*x + m - 1879. Calculate the highest common factor of x and 25.
5
Let k = -1872 - -3912. What is the highest common divisor of 60 and k?
60
Let a(x) = 9*x**2 + 17*x + 113. Let w be a(-9). Let s = 42 + -29. What is the highest common divisor of s and w?
13
Suppose 3*o = 2*l - 1134, -24*l + 23*l + 5*o = -546. What is the highest common divisor of 72 and l?
72
Let n be (-1*4)/(2/(-31)). Let r(b) = b + 36. Let l be r(-11). Let v be 24/(-300) - (-777)/l. What is the greatest common divisor of n and v?
31
Let p = 252 - 459. Let z = 171 - p. What is the highest common factor of z and 162?
54
Let s be 2477520/1656 + (-6)/69. Calculate the highest common factor of s and 154.
22
Let m = 815 - 667. What is the greatest common divisor of 4 and m?
4
Let q = -5180 + 5202. Calculate the greatest common divisor of 7073 and q.
11
Let x(p) = p**2 - 26*p - 94. Let g be -1 - -28 - (1 - 4). Let a be x(g). Let h be 63 - (-2)/(-1 + 2). What is the greatest common factor of h and a?
13
Let c = -16973 - -17072. Calculate the greatest common divisor of c and 14520.
33
Let k = 18113 - 17983. Let t = -14 + 24. What is the greatest common divisor of t and k?
10
Suppose -6*u = -33 - 75. Suppose -63 = u*f - 81. What is the greatest common factor of f and 72?
1
Let h be (-2806)/6 - 3*2/18. Let a be (-72)/h + (-908)/(-13). Calculate the highest common factor of a and 60.
10
Let w be ((-10)/(15/(-3)))/((-72)/(-144)). Calculate the greatest common divisor of w and 2932.
4
Let f = 458 - -22. Suppose -4*x + 1640 = f. What is the greatest common divisor of 20 and x?
10
Suppose 5*u + 1585 = 11*h, -429 = -3*h + 4*u + 27. What is the greatest common divisor of h and 2044?
28
Let o(g) = g**2 - 3*g + 5. Let t be o(-23). Let h = -258 + t. What is the highest common divisor of 15 and h?
15
Let k be 35/70 - (-3439)/2. Suppose 0 = -b - h + 585, -k = -13*b + 10*b + 4*h. Calculate the greatest common factor of b and 20.
20
Let i = -7468 + 7473. Calculate the greatest common factor of 5755 and i.
5
Let k be (-33)/(-143) + (-18280)/(-104). What is the greatest common divisor of k and 2728?
88
Let u(n) = -47*n**3 + 25*n**2. Let q be u(-1). Calculate the greatest common factor of q and 232.
8
Let g be ((-2264)/32 + 0 + 1)/((-3)/704). What is the highest common factor of 33 and g?
33
Suppose -12*o + 310 = -7*o. Calculate the greatest common factor of o and 2635.
31
Let p = 27 + -47. Let b = p + 16. Let n be (-608)/(-80) + b/(-10). Calculate the highest common divisor of 40 and n.
8
Suppose -3*m = -2*t - 3974, -5*m + 4*t - 5332 = -9*m. What is the highest common factor of m and 16?
16
Let r be 3*(-6)/45 + 280560/25 + 2. What is the greatest common factor of r and 122?
122
Let w = 5744 - 3728. What is the greatest common divisor of w and 420?
84
Suppose 7*z + 7*z = 210. Let w(t) = 27*t + 29*t - 57*t + z. Let y be w(-5). What is the highest common divisor of 4 and y?
4
Let m be 10/3*-3*5. Let v = m - -56. Suppose -4*w + 3*w - 2*b = -v, -w = b - 4. Calculate the greatest common divisor of w and 22.
2
Let b = -29 + 31. Suppose -b*v + 0*v = 0. Suppose 2*a + 99 = 4*x - 81, x + a - 42 = v. What is the highest common factor of 4 and x?
4
Let a be 7 + 3/((-6)/4). Suppose 0 = d, a*m + 2*d = 2*m + 6. Suppose -2*c + 8 = 4*w, -3*c - 10 + 46 = -m*w. What is the greatest common factor of c and 5?
5
Let q(y) = -3 - 42*y - 61*y - 56*y - 244*y. Let i be q(-1). What is the highest common divisor of i and 80?
80
Let c = 85 - 28. Let a = c + -41. Let d be (-648)/a*4/(-6). Calculate the highest common factor of d and 9.
9
Suppose -84*f - 145 = -146*f - 21. What is the greatest common factor of f and 89?
1
Let t be ((-96)/(-10))/((-369)/(-1230)). Let a = -277 + 501. What is the greatest common divisor of a and t?
32
Let x be -8*(-3)/(-10)*1*-20. Let c = x - 41. Calculate the highest common factor of 14 and c.
7
Suppose 4*i - 6 = 2. Suppose -155 = -2*p - s, -3*p + 6*s + 260 = i*s. Suppose -13 = -k - 3. What is the greatest common divisor of p and k?
10
Let s be ((-6)/10)/(((-4)/(-2))/(-20)). Suppose 7*l - s*l = 4. Suppose -l*p + 8 + 20 = 0. What is the greatest common factor of 7 and p?
7
Let g = 2069 + -68. What is the greatest common divisor of 138 and g?
69
Let d = 2 - -91. Let v = d - 122. Let w be 4/(-8) + v/(-2). What is the greatest common factor of w and 56?
14
Let k be (-30892)/(-26) + ((-60)/(-65))/(-6). Suppose -k = 57*f - 66*f. Calculate the greatest common divisor of 12 and f.
12
Let a = -72 - -60. Let f be (-440)/(-48) + 2/a. What is the greatest common factor of 144 and f?
9
Suppose 5412 = 59166*l - 59144*l. Calculate the highest common divisor of 120 and l.
6
Let j(u) = -u**3 - 41*u**2 - 77*u + 37. Let d be j(-39). Let t(x) = -18*x - 35. Let r be t(d). Calculate the greatest common divisor of r and 31.
1
Suppose 1464 + 304 = -8*z. Let w = 264 + z. What is the highest common divisor of w and 1?
1
Let s be ((2 - 7)/(-10))/((-2)/(-48)). Let g be (2 - -1) + s/4 + -10. Let x be 2/(-3 + (-28)/g)*148. Calculate the highest common divisor of 37 and x.
37
Let p(c) = -355*c - 798. Let r be p(-35). What is the greatest common divisor of 77 and r?
77
Suppose 17*m + 18*m = -9*m + 3520. Calculate the greatest common factor of m and 45.
5
Let c be (-1 - (1 - 1 - -1))*(-2247)/214. Calculate the greatest common factor of 204 and c.
3
Suppose 16*z - 69 = -7*z. Suppose 5*w = -25, 2*w = m - z*w - 57. Calculate the greatest common divisor of m and 104.
8
Suppose 636 = 2*i + 4*u, 266*u - 1602 = -5*i + 268*u. Calculate the greatest common factor of i and 190.
10
Let k = 8656 - 8647. What is the highest common factor of 18729 and k?
9
Suppose -28 = -p - 30. Let j be 69/12*p*(-1 + -1). What is the highest common divisor of 437 and j?
23
Suppose -273*t + 1012 = -269*t. Suppose -5*a + 77 = -t. What is the highest common divisor of a and 44?
22
Suppose -5*r = -2*f + 6*f - 60, -3*r + f + 19 = 0. Let n be (-110)/(-88) - (-694)/r. What is the highest common divisor of n and 24?
8
Let v be -3*((-6)/(-33) + (-147)/(-99)). Let m be (-10)/v - 9*(-4 - -3). Calculate the greatest common divisor of m and 33.
11
Let q be (0/(-7))/(2 - -1). Suppose q = 2*c + 10*c - 3012. Let k = c + -121. Calculate the highest common divisor of 26 and k.
26
Suppose -3*z + 4*z = -q + 7, 4*z = -3*q + 25. Suppose -y - q*k = -938, -2*y - 16*k + 21*k + 1920 = 0. Calculate the highest common divisor of y and 50.
50
Suppose -16*l + 455 = -11*l. Let n = -40 - -79. What is the greatest common divisor of l and n?
13
Suppose j - 84 = -5*r, -2*r - 28*j = -27*j - 36. What is the greatest common factor of r and 3184?
16
Suppose 2*g + 9 = 27. Suppose 0 = -g*s + 11*s - 16. Let r be 2 + 0/(-4) + -1 - -19. What is the greatest common divisor of r and s?
4
Suppose -181 = -i + 259. Suppose 2*y - 26 = -5*p + 223, 175 = 2*p - 5*y. Calculate the greatest common factor of p and i.
55
Suppose 2*x = m + 88, -x - 5*m = -10*m - 44. Suppose -4*i + 2*a = a - 155, -5*i = -4*a - 202. Let z = i + 72. What is the highest common factor of x and z?
22
Let x be 325/(-100)*(-113 + -3). Calculate the highest common factor of 174 and x.
29
Suppose 115 = -2*q - 17. Let o = 64 + q. Let m be 10*(o/3 + 112/42). What is the highest common divisor of m and 70?
10
Suppose -6*d + 76 + 914 = -0*d. What is the highest common factor of 6325 and d?
55
Let v be 286/(-6) + (-12)/36. Let a be 108/(3 + v/18). Calculate the greatest common divisor of a and 36.
36
Let f be 148/4 + (-182)/(-14). What is the highest common divisor of 1055 and f?
5
Let 